{"id":896,"date":"2022-05-01T23:15:05","date_gmt":"2022-05-01T22:15:05","guid":{"rendered":"https:\/\/autoinfo.hu\/szvk\/?page_id=896"},"modified":"2025-04-12T13:17:29","modified_gmt":"2025-04-12T12:17:29","slug":"gyakorlati-vizsga","status":"publish","type":"page","link":"https:\/\/autoinfo.hu\/szvk\/index.php\/gyakorlati-vizsga\/","title":{"rendered":"Gyakorlati vizsga"},"content":{"rendered":"<p>A kishaj\u00f3s k\u00e9pes\u00edt\u00e9s plasztik k\u00e1rtya form\u00e1ban ker\u00fcl kiad\u00e1sra.<\/p>\n<p>A k\u00e1rty\u00e1s <strong>okm\u00e1nykiad\u00e1si k\u00e9relmet<\/strong> az eredm\u00e9nyes gyakorlati vizsga ut\u00e1n a vizsga helysz\u00edn\u00e9n be lehet ny\u00fajtani.<\/p>\n<p>Amennyiben a k\u00e1rty\u00e1s okm\u00e1nykiad\u00e1si k\u00e9relmedet a gyakorlati vizsga ut\u00e1n nem jelzed a vizsgabiztosnak, vagy sz\u00fcks\u00e9ged van a k\u00e1rtya legy\u00e1rt\u00e1s\u00e1ig egy <strong>ideiglenes okm\u00e1ny ki\u00e1ll\u00edt\u00e1s\u00e1ra,<\/strong> a vizsgajegyz\u0151k\u00f6nyvek sz\u00e1m\u00edt\u00f3g\u00e9pre vitele ut\u00e1n (<strong>1 h\u00e9t<\/strong>) az \u00c9p\u00edt\u00e9si \u00e9s K\u00f6zleked\u00e9si Miniszt\u00e9rium budapesti, vagy m\u00e1s telep\u00fcl\u00e9seken m\u0171k\u00f6d\u0151 irod\u00e1j\u00e1ban, ( Szegeden minden h\u00e9ten kedden a Keresked\u0151 k\u00f6zben, 13-15 \u00f3r\u00e1ig ) a szem\u00e9lyazonoss\u00e1g igazol\u00e1sa ut\u00e1n <strong>SZEM\u00c9LYESEN<\/strong><\/p>\n<ul>\n<li>az <strong>orvosi alkalmass\u00e1gi igazol\u00e1s<\/strong> eredeti p\u00e9ld\u00e1ny\u00e1nak \u00e9s<\/li>\n<li><strong>1 db 35&#215;45 mm-es<\/strong> szabv\u00e1nyos, sz\u00ednes, feh\u00e9r h\u00e1tter\u0171 igazolv\u00e1nyk\u00e9p<br \/>\nlead\u00e1s\u00e1val adhatj\u00e1tok le.<br \/>\n( Motoros \u00e9s vitorl\u00e1s vizsga eset\u00e9n 2 db f\u00e9nyk\u00e9p sz\u00fcks\u00e9ges )<\/li>\n<\/ul>\n<p>Az okm\u00e1nykiad\u00e1s <strong>16 100 Ft<\/strong>-os d\u00edj\u00e1t kor\u00e1bban sz\u00fcks\u00e9ges \u00e1tutalni, mert a helysz\u00ednen k\u00e9szp\u00e9nzben nem fogadj\u00e1k el a befizet\u00e9st.<br \/>\nAz <strong>ideiglenes okm\u00e1ny<\/strong> az \u00faj, k\u00e1rty\u00e1s okm\u00e1ny elk\u00e9sz\u00fclt\u00e9ig ( 60 napig ) az eredm\u00e9nyes vizsg\u00e1t igazolja.<br \/>\nAzok, akik m\u00e1r rendelkeztek m\u00e1s kishaj\u00f3s k\u00e9pes\u00edt\u00e9ssel , az \u00faj okm\u00e1ny ig\u00e9nyl\u00e9sekor <strong>a r\u00e9git le kell adj\u00e1k<\/strong>.<\/p>\n<p>A k\u00e1rty\u00e1s okm\u00e1ny legy\u00e1rt\u00e1s\u00e1ra <strong>30 nap<\/strong> \u00e1ll rendelkez\u00e9s\u00e9re a Tisztelt Hat\u00f3s\u00e1gnak.<br \/>\nNorm\u00e1l esetben az ig\u00e9nyl\u00e9s ut\u00e1n <strong>2-3 h\u00e9ten bel\u00fcl post\u00e1n<\/strong>, aj\u00e1nlott k\u00fcldem\u00e9nyben meg\u00e9rkezik.<br \/>\nHa m\u00e9gsem, \u00e9rdemes r\u00e1k\u00e9rdezni, mert t\u00f6rt\u00e9nt m\u00e1r, hogy a k\u00e1rty\u00e1s okm\u00e1ny legy\u00e1rt\u00e1sa valami\u00e9rt elmaradt.<\/p>\n<p>A <strong>tanfolyamd\u00edj fizet\u00e9s<\/strong> legk\u00e9s\u0151bb a k\u00e9pz\u00e9si igazol\u00e1s ki\u00e1ll\u00edt\u00e1s\u00e1val esed\u00e9kess\u00e9 v\u00e1lik.<br \/>\nM\u00c9G FENN\u00c1LL\u00d3 TARTOZ\u00c1S ESET\u00c9N<\/p>\n<ul>\n<li>k\u00e9rem a tanfolyamd\u00edjakat \u00e1tutalni, vagy<\/li>\n<li>szem\u00e9lyes tal\u00e1lkoz\u00e1sunkkor k\u00e9szp\u00e9nzben befizetni!<\/li>\n<\/ul>\n<p>Rem\u00e9lem, hogy az eredm\u00e9nyes vizsg\u00e1ra felk\u00e9sz\u00edt\u00e9s ut\u00e1n vitorl\u00e1z\u00e1s, sz\u00f6rf\u00f6z\u00e9s, haj\u00f3z\u00e1s, kajakoz\u00e1s, kenuz\u00e1s, sportol\u00e1s c\u00e9lj\u00e1b\u00f3l rendszeresen l\u00e1togatj\u00e1tok majd a Szegedi Vitorl\u00e1s Kik\u00f6t\u0151t.<\/p>\n<p>A haj\u00f3z\u00e1ssal kapcsolatos aktualit\u00e1sokr\u00f3l a k\u00e9s\u0151bbiekben is t\u00e1j\u00e9koztatlak.<\/p>\n<p><strong>K\u00e9rlek, hogy a haj\u00f3z\u00e1s ir\u00e1nt \u00e9rdekl\u0151d\u0151 ismer\u0151seidnek<\/strong><br \/>\n<strong>aj\u00e1nljad a Szegedi Vitorl\u00e1s Kik\u00f6t\u0151 k\u00edn\u00e1lta lehet\u0151s\u00e9geket.<\/strong><\/p>\n<p>J\u00f3 szelet!<\/p>\n<p>Kipper Gy\u00f6rgy<br \/>\n<a href=\"tel:+36-30-978-6313\">+36-30-978-6313<\/a><\/p>\n","protected":false},"excerpt":{"rendered":"<p>A kishaj\u00f3s k\u00e9pes\u00edt\u00e9s plasztik k\u00e1rtya form\u00e1ban ker\u00fcl kiad\u00e1sra. A k\u00e1rty\u00e1s okm\u00e1nykiad\u00e1si k\u00e9relmet az eredm\u00e9nyes gyakorlati vizsga ut\u00e1n a vizsga helysz\u00edn\u00e9n be lehet ny\u00fajtani. Amennyiben a k\u00e1rty\u00e1s okm\u00e1nykiad\u00e1si k\u00e9relmedet a gyakorlati vizsga ut\u00e1n nem jelzed a vizsgabiztosnak, vagy sz\u00fcks\u00e9ged van a k\u00e1rtya legy\u00e1rt\u00e1s\u00e1ig egy ideiglenes okm\u00e1ny ki\u00e1ll\u00edt\u00e1s\u00e1ra, a vizsgajegyz\u0151k\u00f6nyvek sz\u00e1m\u00edt\u00f3g\u00e9pre vitele ut\u00e1n (1 h\u00e9t) az \u00c9p\u00edt\u00e9si [&hellip;]<\/p>\n","protected":false},"author":1694,"featured_media":0,"parent":0,"menu_order":0,"comment_status":"closed","ping_status":"closed","template":"","meta":{"_exactmetrics_skip_tracking":false,"_exactmetrics_sitenote_active":false,"_exactmetrics_sitenote_note":"","_exactmetrics_sitenote_category":0,"footnotes":""},"class_list":["post-896","page","type-page","status-publish","hentry"],"_links":{"self":[{"href":"https:\/\/autoinfo.hu\/szvk\/index.php\/wp-json\/wp\/v2\/pages\/896","targetHints":{"allow":["GET"]}}],"collection":[{"href":"https:\/\/autoinfo.hu\/szvk\/index.php\/wp-json\/wp\/v2\/pages"}],"about":[{"href":"https:\/\/autoinfo.hu\/szvk\/index.php\/wp-json\/wp\/v2\/types\/page"}],"author":[{"embeddable":true,"href":"https:\/\/autoinfo.hu\/szvk\/index.php\/wp-json\/wp\/v2\/users\/1694"}],"replies":[{"embeddable":true,"href":"https:\/\/autoinfo.hu\/szvk\/index.php\/wp-json\/wp\/v2\/comments?post=896"}],"version-history":[{"count":6,"href":"https:\/\/autoinfo.hu\/szvk\/index.php\/wp-json\/wp\/v2\/pages\/896\/revisions"}],"predecessor-version":[{"id":1549,"href":"https:\/\/autoinfo.hu\/szvk\/index.php\/wp-json\/wp\/v2\/pages\/896\/revisions\/1549"}],"wp:attachment":[{"href":"https:\/\/autoinfo.hu\/szvk\/index.php\/wp-json\/wp\/v2\/media?parent=896"}],"curies":[{"name":"wp","href":"https:\/\/api.w.org\/{rel}","templated":true}]}}