{"id":894,"date":"2022-05-01T23:14:24","date_gmt":"2022-05-01T22:14:24","guid":{"rendered":"https:\/\/autoinfo.hu\/szvk\/?page_id=894"},"modified":"2024-02-16T16:46:29","modified_gmt":"2024-02-16T15:46:29","slug":"elmeleti-vizsga","status":"publish","type":"page","link":"https:\/\/autoinfo.hu\/szvk\/index.php\/elmeleti-vizsga\/","title":{"rendered":"Elm\u00e9leti vizsga"},"content":{"rendered":"<p>Az Innov\u00e1ci\u00f3s \u00e9s Technol\u00f3giai Miniszt\u00e9rium az<br \/>\nAUTOINFO HUNGARY EC k\u00e9pz\u0151 szerv vizsg\u00e1z\u00f3i sz\u00e1m\u00e1ra<\/p>\n<p><strong>A KISHAJ\u00d3S ELM\u00c9LETI VIZSG\u00c1T<\/strong><br \/>\naz <strong>e-mail visszaigazol\u00e1sban<\/strong> megjel\u00f6lt id\u0151pontban,<br \/>\na KAVK szegedi irod\u00e1j\u00e1ban,<br \/>\n<strong>6728 SZEGED, Keresked\u0151 k\u00f6z 3\/A-5\/A.<\/strong> tartja.<\/p>\n<ul>\n<li><a href=\"https:\/\/www.google.com\/maps\/place\/K%C3%B6zleked%C3%A9si+Alkalmass%C3%A1gi+%C3%A9s+Vizsgak%C3%B6zpont+Csongr%C3%A1d+Megyei+Vizsgaszervez%C3%A9si+%C3%A9s+Ut%C3%A1nk%C3%A9pz%C3%A9si+Oszt%C3%A1ly\/@46.2603291,20.113984,18.75z\/data=!4m12!1m6!3m5!1s0x0:0x7cc0bae095d4362a!2zS8O2esO6dGkgR8OpcGrDoXJtxbEta8O2emxla2Vkw6lzaSBIaXZhdGFs!8m2!3d46.2614435!4d20.110609!3m4!1s0x0:0xf8190b0fa157ccc6!8m2!3d46.2605373!4d20.1140973\" target=\"_blank\" rel=\"noopener\">T\u00e9rk\u00e9p \u00bb<\/a><\/li>\n<li>GPS Koordin\u00e1t\u00e1k:<br \/>\n<a href=\"https:\/\/www.google.com\/maps\/place\/46%C2%B015'36.7%22N+20%C2%B006'51.7%22E\/@46.2602,20.11435,17z\/data=!3m1!4b1!4m5!3m4!1s0x0:0x2e82377cca9b40d8!8m2!3d46.2602!4d20.11435\" target=\"_blank\" rel=\"noopener\">N46 15.612 E20 06.861<\/a><\/li>\n<\/ul>\n<p>A vizsgaterem a parkol\u00f3b\u00f3l n\u00e9zve bal k\u00e9z fel\u00e9,<br \/>\na ker\u00edt\u00e9sen bel\u00fcl tal\u00e1lhat\u00f3 <strong>B \u00e9p\u00fcletben<\/strong> lesz.<\/p>\n<p>A vizsga megkezd\u00e9s\u00e9hez sz\u00fcks\u00e9g lesz:<\/p>\n<ul>\n<li>a jelentkez\u00e9si lapon megjel\u00f6lt<br \/>\n<strong>SZEM\u00c9LYAZONOSS\u00c1GOT IGAZOL\u00d3 OKM\u00c1NYODRA<\/strong><\/li>\n<\/ul>\n<p><strong>L\u00e9gysz\u00edves a vizsga ut\u00e1n, a vizsga eredm\u00e9ny\u00e9r\u0151l t\u00e1j\u00e9koztass!<\/strong><\/p>\n<p>Kipper Gy\u00f6rgy<br \/>\n<a href=\"tel:+36-30-978-6313\">+36 30 978 6313<\/a><\/p>\n","protected":false},"excerpt":{"rendered":"<p>Az Innov\u00e1ci\u00f3s \u00e9s Technol\u00f3giai Miniszt\u00e9rium az AUTOINFO HUNGARY EC k\u00e9pz\u0151 szerv vizsg\u00e1z\u00f3i sz\u00e1m\u00e1ra A KISHAJ\u00d3S ELM\u00c9LETI VIZSG\u00c1T az e-mail visszaigazol\u00e1sban megjel\u00f6lt id\u0151pontban, a KAVK szegedi irod\u00e1j\u00e1ban, 6728 SZEGED, Keresked\u0151 k\u00f6z 3\/A-5\/A. tartja. T\u00e9rk\u00e9p \u00bb GPS Koordin\u00e1t\u00e1k: N46 15.612 E20 06.861 A vizsgaterem a parkol\u00f3b\u00f3l n\u00e9zve bal k\u00e9z fel\u00e9, a ker\u00edt\u00e9sen bel\u00fcl tal\u00e1lhat\u00f3 B \u00e9p\u00fcletben lesz. [&hellip;]<\/p>\n","protected":false},"author":1694,"featured_media":0,"parent":0,"menu_order":0,"comment_status":"closed","ping_status":"closed","template":"","meta":{"_exactmetrics_skip_tracking":false,"_exactmetrics_sitenote_active":false,"_exactmetrics_sitenote_note":"","_exactmetrics_sitenote_category":0,"footnotes":""},"class_list":["post-894","page","type-page","status-publish","hentry"],"_links":{"self":[{"href":"https:\/\/autoinfo.hu\/szvk\/index.php\/wp-json\/wp\/v2\/pages\/894","targetHints":{"allow":["GET"]}}],"collection":[{"href":"https:\/\/autoinfo.hu\/szvk\/index.php\/wp-json\/wp\/v2\/pages"}],"about":[{"href":"https:\/\/autoinfo.hu\/szvk\/index.php\/wp-json\/wp\/v2\/types\/page"}],"author":[{"embeddable":true,"href":"https:\/\/autoinfo.hu\/szvk\/index.php\/wp-json\/wp\/v2\/users\/1694"}],"replies":[{"embeddable":true,"href":"https:\/\/autoinfo.hu\/szvk\/index.php\/wp-json\/wp\/v2\/comments?post=894"}],"version-history":[{"count":5,"href":"https:\/\/autoinfo.hu\/szvk\/index.php\/wp-json\/wp\/v2\/pages\/894\/revisions"}],"predecessor-version":[{"id":1121,"href":"https:\/\/autoinfo.hu\/szvk\/index.php\/wp-json\/wp\/v2\/pages\/894\/revisions\/1121"}],"wp:attachment":[{"href":"https:\/\/autoinfo.hu\/szvk\/index.php\/wp-json\/wp\/v2\/media?parent=894"}],"curies":[{"name":"wp","href":"https:\/\/api.w.org\/{rel}","templated":true}]}}