{"id":1779,"date":"2026-05-14T10:48:13","date_gmt":"2026-05-14T09:48:13","guid":{"rendered":"https:\/\/autoinfo.hu\/szvk\/?page_id=1779"},"modified":"2026-05-14T11:04:06","modified_gmt":"2026-05-14T10:04:06","slug":"vizsgadij-es-okmanykiadasi-dij-atutalas-kishajos-kepzes","status":"publish","type":"page","link":"https:\/\/autoinfo.hu\/szvk\/index.php\/vizsgadij-es-okmanykiadasi-dij-atutalas-kishajos-kepzes\/","title":{"rendered":"Vizsgad\u00edj \u00e9s okm\u00e1nykiad\u00e1si d\u00edj \u00e1tutal\u00e1s"},"content":{"rendered":"<p>Kishaj\u00f3s k\u00e9pz\u00e9s<\/p>\n<table>\n<tbody>\n<tr>\n<td style=\"vertical-align: top;\">Kedvezm\u00e9nyezett neve:<\/td>\n<td style=\"font-weight: bold;\">KAV K\u00f6zleked\u00e9si Alkalmass\u00e1gi \u00e9s Vizsgak\u00f6zpont Nonprofit Kft.<br \/>\nHAJ\u00d3Z\u00c1SI VIZSGAK\u00d6ZPONT<\/td>\n<\/tr>\n<tr>\n<td style=\"vertical-align: top;\">Kedvezm\u00e9nyezett bank:<\/td>\n<td style=\"font-weight: bold;\">OTP Bank Nyrt.<\/td>\n<\/tr>\n<tr>\n<td style=\"vertical-align: top;\">Kedvezm\u00e9nyezett sz\u00e1mlasz\u00e1ma:<\/td>\n<td style=\"font-weight: bold;\">11711003-21463062-00000000<\/td>\n<\/tr>\n<tr>\n<td style=\"vertical-align: top;\">IBAN:<\/td>\n<td style=\"font-weight: bold;\">HU68 11711003-21463062-00000000<\/td>\n<\/tr>\n<tr>\n<td style=\"vertical-align: top;\">K\u00f6zlem\u00e9ny rovat:<\/td>\n<td><b>1. utal\u00e1s:<br \/>\n<\/b><b>Teljes n\u00e9v, sz\u00fclet\u00e9si d\u00e1tum,<\/b> kishaj\u00f3s vizsgad\u00edj<b>2. utal\u00e1s:<br \/>\nTeljes n\u00e9v, sz\u00fclet\u00e9si d\u00e1tum,<\/b>\u00a0okm\u00e1nykiad\u00e1s d\u00edja<\/td>\n<\/tr>\n<\/tbody>\n<\/table>\n<p>&nbsp;<\/p>\n<table style=\"height: 838px;\" width=\"778\">\n<tbody>\n<tr>\n<td width=\"221\">\n<h3>TANFOLYAM<\/h3>\n<\/td>\n<td colspan=\"2\" width=\"252\">\n<h3>TANFOLYAMD\u00cdJ [Ft]<\/h3>\n<\/td>\n<td colspan=\"2\" width=\"264\">\n<h3>VIZSGA+ OKM\u00c1NYKIAD\u00c1SI D\u00cdJ [Ft]<\/h3>\n<\/td>\n<\/tr>\n<tr>\n<td width=\"221\">\n<h4>Kisg\u00e9phaj\u00f3-vezet\u0151<\/h4>\n<\/td>\n<td width=\"156\">Elm\u00e9let:\u00a0\u00a0\u00a0\u00a0\u00a0\u00a0\u00a0\u00a0\u00a0\u00a0\u00a0\u00a0\u00a0\u00a0\u00a0\u00a0\u00a0\u00a0\u00a0\u00a0\u00a0 21.000 Gyakorlat:\u00a0 \u00a0 \u00a0 \u00a0 \u00a0 \u00a0 \u00a0 \u00a0 \u00a0 21.000 Vizsgaelj\u00e1r\u00e1s:\u00a0 \u00a0 \u00a0 \u00a0 <span style=\"white-space: nowrap;\">2 x 4.000<\/span><\/td>\n<td width=\"96\"><strong>50.000<\/strong><\/td>\n<td width=\"168\">Elm\u00e9let:\u00a0 \u00a0 \u00a0 \u00a0 \u00a0 \u00a0 \u00a0 \u00a0 <span style=\"white-space: nowrap;\">2 x 10.900<\/span> Gyakorlat:\u00a0 \u00a0 \u00a0 \u00a0 \u00a0 \u00a0 \u00a0 \u00a0 28.300 Okm\u00e1nykiad\u00e1s:\u00a0\u00a0\u00a0\u00a0\u00a0\u00a0 16.100<\/td>\n<td width=\"96\"><strong>66.200<\/strong><\/td>\n<\/tr>\n<tr>\n<td width=\"221\">\n<h4><strong>Vitorl\u00e1s kishaj\u00f3 vezet\u0151<\/strong><\/h4>\n<\/td>\n<td width=\"156\">Elm\u00e9let:\u00a0 \u00a0 \u00a0 \u00a0 \u00a0 \u00a0 \u00a0 \u00a0 \u00a0 \u00a0 \u00a0 31.000 Gyakorlat:\u00a0 \u00a0 \u00a0 \u00a0 \u00a0 \u00a0 \u00a0 \u00a0 \u00a0 31.000 Vizsgaelj\u00e1r\u00e1s:\u00a0 \u00a0 \u00a0 \u00a0 <span style=\"white-space: nowrap;\">2 x 4.000<\/span><\/td>\n<td width=\"96\"><strong>70.000<\/strong><\/td>\n<td width=\"168\">Elm\u00e9let:\u00a0 \u00a0 \u00a0 \u00a0 \u00a0 \u00a0 \u00a0 \u00a0 <span style=\"white-space: nowrap;\">2 x 10.900<\/span> Gyakorlat:\u00a0 \u00a0 \u00a0 \u00a0 \u00a0 \u00a0 \u00a0 \u00a0 28.300 Okm\u00e1nykiad\u00e1s:\u00a0\u00a0\u00a0\u00a0\u00a0\u00a0 16.100<\/td>\n<td width=\"96\"><strong>66.200<\/strong><\/td>\n<\/tr>\n<tr>\n<td width=\"221\">\n<h4><strong>Kisg\u00e9phaj\u00f3 + Vitorl\u00e1s kishaj\u00f3 vezet\u0151 egy\u00fctt<\/strong><\/h4>\n<\/td>\n<td width=\"156\">Elm\u00e9let:\u00a0 \u00a0 \u00a0 \u00a0 \u00a0 \u00a0 \u00a0 \u00a0 \u00a0 \u00a0 \u00a0 56.000 Gyakorlat:\u00a0 \u00a0 \u00a0 \u00a0 \u00a0 \u00a0 \u00a0 \u00a0 \u00a0 56.000 Vizsgaelj\u00e1r\u00e1s:\u00a0 \u00a0 \u00a0 \u00a0 <span style=\"white-space: nowrap;\">2 x 4.000<\/span><\/td>\n<td width=\"96\"><strong>120.000<\/strong><\/td>\n<td width=\"168\">Elm\u00e9let:\u00a0 \u00a0 \u00a0 \u00a0 \u00a0 \u00a0 \u00a0 \u00a0 <span style=\"white-space: nowrap;\">3 x 10.900<\/span> Gyakorlat: 2 x 28.300 Okm\u00e1nykiad\u00e1s:\u00a0\u00a0\u00a0\u00a0\u00a0\u00a0 16.100<\/td>\n<td width=\"96\"><strong>105.400<\/strong><\/td>\n<\/tr>\n<tr>\n<td width=\"221\">\n<h4>Tanfolyam di\u00e1koknak<\/h4>\n<\/td>\n<td width=\"156\">Elm\u00e9let:\u00a0\u00a0\u00a0\u00a0\u00a0\u00a0\u00a0\u00a0\u00a0\u00a0\u00a0\u00a0\u00a0\u00a0\u00a0\u00a0\u00a0\u00a0\u00a0\u00a0\u00a0 17.000 Gyakorlat:\u00a0 \u00a0 \u00a0 \u00a0 \u00a0 \u00a0 \u00a0 \u00a0 \u00a0 23.000<\/td>\n<td width=\"96\"><strong>40.000<\/strong><\/td>\n<td colspan=\"2\" width=\"264\"><strong>vizsga n\u00e9lk\u00fcl<\/strong><\/td>\n<\/tr>\n<\/tbody>\n<\/table>\n<p>&nbsp;<\/p>\n","protected":false},"excerpt":{"rendered":"<p>Kishaj\u00f3s k\u00e9pz\u00e9s Kedvezm\u00e9nyezett neve: KAV K\u00f6zleked\u00e9si Alkalmass\u00e1gi \u00e9s Vizsgak\u00f6zpont Nonprofit Kft. HAJ\u00d3Z\u00c1SI VIZSGAK\u00d6ZPONT Kedvezm\u00e9nyezett bank: OTP Bank Nyrt. Kedvezm\u00e9nyezett sz\u00e1mlasz\u00e1ma: 11711003-21463062-00000000 IBAN: HU68 11711003-21463062-00000000 K\u00f6zlem\u00e9ny rovat: 1. utal\u00e1s: Teljes n\u00e9v, sz\u00fclet\u00e9si d\u00e1tum, kishaj\u00f3s vizsgad\u00edj2. utal\u00e1s: Teljes n\u00e9v, sz\u00fclet\u00e9si d\u00e1tum,\u00a0okm\u00e1nykiad\u00e1s d\u00edja &nbsp; TANFOLYAM TANFOLYAMD\u00cdJ [Ft] VIZSGA+ OKM\u00c1NYKIAD\u00c1SI D\u00cdJ [Ft] Kisg\u00e9phaj\u00f3-vezet\u0151 Elm\u00e9let:\u00a0\u00a0\u00a0\u00a0\u00a0\u00a0\u00a0\u00a0\u00a0\u00a0\u00a0\u00a0\u00a0\u00a0\u00a0\u00a0\u00a0\u00a0\u00a0\u00a0\u00a0 21.000 Gyakorlat:\u00a0 \u00a0 \u00a0 \u00a0 [&hellip;]<\/p>\n","protected":false},"author":3925,"featured_media":0,"parent":0,"menu_order":0,"comment_status":"closed","ping_status":"closed","template":"","meta":{"_exactmetrics_skip_tracking":false,"_exactmetrics_sitenote_active":false,"_exactmetrics_sitenote_note":"","_exactmetrics_sitenote_category":0,"footnotes":""},"class_list":["post-1779","page","type-page","status-publish","hentry"],"_links":{"self":[{"href":"https:\/\/autoinfo.hu\/szvk\/index.php\/wp-json\/wp\/v2\/pages\/1779","targetHints":{"allow":["GET"]}}],"collection":[{"href":"https:\/\/autoinfo.hu\/szvk\/index.php\/wp-json\/wp\/v2\/pages"}],"about":[{"href":"https:\/\/autoinfo.hu\/szvk\/index.php\/wp-json\/wp\/v2\/types\/page"}],"author":[{"embeddable":true,"href":"https:\/\/autoinfo.hu\/szvk\/index.php\/wp-json\/wp\/v2\/users\/3925"}],"replies":[{"embeddable":true,"href":"https:\/\/autoinfo.hu\/szvk\/index.php\/wp-json\/wp\/v2\/comments?post=1779"}],"version-history":[{"count":5,"href":"https:\/\/autoinfo.hu\/szvk\/index.php\/wp-json\/wp\/v2\/pages\/1779\/revisions"}],"predecessor-version":[{"id":1795,"href":"https:\/\/autoinfo.hu\/szvk\/index.php\/wp-json\/wp\/v2\/pages\/1779\/revisions\/1795"}],"wp:attachment":[{"href":"https:\/\/autoinfo.hu\/szvk\/index.php\/wp-json\/wp\/v2\/media?parent=1779"}],"curies":[{"name":"wp","href":"https:\/\/api.w.org\/{rel}","templated":true}]}}