{"id":15,"date":"2018-04-18T16:30:23","date_gmt":"2018-04-18T16:30:23","guid":{"rendered":"http:\/\/autoinfo.hu\/szvk\/?page_id=15"},"modified":"2022-02-17T23:08:29","modified_gmt":"2022-02-17T22:08:29","slug":"szte-vitorlazas-testneveles-kurzus","status":"publish","type":"page","link":"https:\/\/autoinfo.hu\/szvk\/index.php\/szte-vitorlazas-testneveles-kurzus\/","title":{"rendered":"SZTE VITORL\u00c1Z\u00c1S TESTNEVEL\u00c9S KURZUS"},"content":{"rendered":"<ul>\n<li>Az SZTE hallgat\u00f3k sz\u00e1m\u00e1ra <strong>d\u00edjtalan<\/strong>.<\/li>\n<li>A f\u00e9l\u00e9ves kurzust v\u00e9gz\u0151k vagy a k\u00e9t f\u00e9l\u00e9ves k\u00f6telez\u0151 testnevel\u00e9s 1 f\u00e9l\u00e9v\u00e9r\u0151l teljes\u00edt\u00e9s igazol\u00e1st kapnak<\/li>\n<li>A kurzus felv\u00e9tel\u00e9nek egyed\u00fcli el\u0151felt\u00e9tele az <strong>\u00faszni tud\u00e1s<\/strong>.<\/li>\n<li>Kezd\u0151k \u00e9s halad\u00f3k egyar\u00e1nt v\u00e1laszthatj\u00e1k a kurzust.<\/li>\n<li>A testnevel\u00e9s kurzus keret\u00e9ben a hallgat\u00f3k elm\u00e9leti \u00e9s gyakorlati k\u00e9pz\u00e9sben r\u00e9szes\u00fclnek.<\/li>\n<li>\u00a0A vitorl\u00e1z\u00e1s testnevel\u00e9si kurzus elm\u00e9leti el\u0151ad\u00e1sainak t\u00e9m\u00e1ja: a vitorl\u00e1z\u00e1s elm\u00e9lete, kinetikai alapjai, meteorol\u00f3giai, v\u00edzrajzi, haj\u00f3z\u00e1si ismeretek, a v\u00edzi k\u00f6zleked\u00e9s alapvet\u0151 szab\u00e1lyai.<\/li>\n<li>Az elm\u00e9leti el\u0151ad\u00e1sok az <strong>SZTE Sportk\u00f6zpontban<\/strong>, a gyakorlatok a <strong>Szegedi Vitorl\u00e1s Kik\u00f6t\u0151ben<\/strong>, a Tisz\u00e1n lesznek ( Szegedi Partf\u00fcrd\u0151 \u00e9s Camping. )<\/li>\n<li>A foglalkoz\u00e1sok id\u0151pontjai:<br \/>\nI. kurzus <strong>Cs\u00fct\u00f6rt\u00f6k 14:00 \u2013 15:30 -ig<br \/>\n<\/strong>II. kurzus <strong>Cs\u00fct\u00f6rt\u00f6k <\/strong><strong>16:00 &#8211; 17:30 -ig<\/strong><strong><br \/>\n<\/strong><\/li>\n<li>Az alapszint\u0171 elm\u00e9leti ismeretek elsaj\u00e1t\u00edt\u00e1sa ut\u00e1n, az id\u0151j\u00e1r\u00e1st\u00f3l f\u00fcgg\u0151 \u00fctemez\u00e9sben ker\u00fcl sor a gyakorlati oktat\u00e1sra.<\/li>\n<li>Kedvez\u0151tlen id\u0151j\u00e1r\u00e1si viszonyok eset\u00e9n az SZTE Sportk\u00f6zpontj\u00e1ban tartjuk meg a foglalkoz\u00e1st.<\/li>\n<\/ul>\n<p style=\"text-align: left;\">Mivel a kurzus tematik\u00e1ja megegyezik a kishaj\u00f3s k\u00e9pz\u00e9s tananyag\u00e1val, \u00edgy azok a hallgat\u00f3k, akik teljes\u00edtett\u00e9k a kurzust \u00e9s<br \/>\n<strong>NEMZETK\u00d6ZI KEDVTEL\u00c9SI C\u00c9L\u00da KISHAJ\u00d3 VEZET\u0150I BIZONY\u00cdTV\u00c1NYT<br \/>\n<\/strong> szeretn\u00e9nek \u2013 k\u00fcl\u00f6n el\u0151ad\u00e1sokon \u2013 m\u00e1r csak a k\u00e9pz\u00e9s hi\u00e1nyz\u00f3 r\u00e9sz\u00e9t ( Haj\u00f3z\u00e1si Szab\u00e1lyzat ) kell megtanulj\u00e1k \u00e9s a <strong>KAVK<\/strong> szakemberei el\u0151tt vizsg\u00e1t tehetnek. Eredm\u00e9nyes vizsga eset\u00e9n <strong>foly\u00f3kra, tavakra, csatorn\u00e1kra, Eur\u00f3pa belvizeire \u00e9rv\u00e9nyes<\/strong> <strong>nemzetk\u00f6zi kishaj\u00f3-vezet\u0151i bizony\u00edtv\u00e1nyt kapnak.<\/strong><br \/>\nA vizsg\u00e1ra jelentkez\u00e9snek tov\u00e1bbi el\u0151felt\u00e9telei ( az \u00faszni tud\u00e1son t\u00fal ) az <strong>orvosi alkalmass\u00e1g<\/strong>.<br \/>\nA vitorl\u00e1s kishaj\u00f3s k\u00e9pz\u00e9s d\u00edja\u00a0 50 000,- Ft, melyb\u0151l a vitorl\u00e1z\u00e1s testnevel\u00e9si kurzust teljes\u00edt\u0151 hallgat\u00f3k <strong>40%, <\/strong>azaz<\/p>\n<h3 style=\"text-align: center;\"><strong> 20 000,- Ft engedm\u00e9nyt<\/strong> <strong>kapnak<\/strong>!<\/h3>\n<p>\u00cdgy a vitorl\u00e1s kishaj\u00f3s k\u00e9pz\u00e9s d\u00edja\u00a0 30 000,- Ft (+ vizsgad\u00edjak).<br \/>\nA kisg\u00e9phaj\u00f3 vezet\u0151 vizsg\u00e1val k\u00f6z\u00f6sen v\u00e9gezve tov\u00e1bbi engedm\u00e9nyek \u00e9rv\u00e9nyes\u00edthet\u0151k!<\/p>\n<p>El\u0151zetesen r\u00e9szletes inform\u00e1ci\u00f3k k\u00e9rhet\u0151k <em><strong>Kipper Gy\u00f6rgy<\/strong> <\/em>oktat\u00f3t\u00f3l:<br \/>\nMobiltelefon: <a href=\"tel:+36-30-978-6313\">+36-30-978-6313<\/a><br \/>\nE-mail: <a href=\"mailto:kipper.gyorgy@gmail.com\">kipper.gyorgy@gmail.com<\/a><br \/>\nSkype: kippergyorgy<\/p>\n<p><a href=\"https:\/\/www.facebook.com\/profile.php?id=100002149104218\">https:\/\/www.facebook.com\/profile.php?id=100002149104218<\/a><\/p>\n","protected":false},"excerpt":{"rendered":"<p>Az SZTE hallgat\u00f3k sz\u00e1m\u00e1ra d\u00edjtalan. A f\u00e9l\u00e9ves kurzust v\u00e9gz\u0151k vagy a k\u00e9t f\u00e9l\u00e9ves k\u00f6telez\u0151 testnevel\u00e9s 1 f\u00e9l\u00e9v\u00e9r\u0151l teljes\u00edt\u00e9s igazol\u00e1st kapnak A kurzus felv\u00e9tel\u00e9nek egyed\u00fcli el\u0151felt\u00e9tele az \u00faszni tud\u00e1s. Kezd\u0151k \u00e9s halad\u00f3k egyar\u00e1nt v\u00e1laszthatj\u00e1k a kurzust. A testnevel\u00e9s kurzus keret\u00e9ben a hallgat\u00f3k elm\u00e9leti \u00e9s gyakorlati k\u00e9pz\u00e9sben r\u00e9szes\u00fclnek. \u00a0A vitorl\u00e1z\u00e1s testnevel\u00e9si kurzus elm\u00e9leti el\u0151ad\u00e1sainak t\u00e9m\u00e1ja: a vitorl\u00e1z\u00e1s [&hellip;]<\/p>\n","protected":false},"author":1,"featured_media":0,"parent":0,"menu_order":0,"comment_status":"closed","ping_status":"closed","template":"","meta":{"_exactmetrics_skip_tracking":false,"_exactmetrics_sitenote_active":false,"_exactmetrics_sitenote_note":"","_exactmetrics_sitenote_category":0,"footnotes":""},"class_list":["post-15","page","type-page","status-publish","hentry"],"_links":{"self":[{"href":"https:\/\/autoinfo.hu\/szvk\/index.php\/wp-json\/wp\/v2\/pages\/15","targetHints":{"allow":["GET"]}}],"collection":[{"href":"https:\/\/autoinfo.hu\/szvk\/index.php\/wp-json\/wp\/v2\/pages"}],"about":[{"href":"https:\/\/autoinfo.hu\/szvk\/index.php\/wp-json\/wp\/v2\/types\/page"}],"author":[{"embeddable":true,"href":"https:\/\/autoinfo.hu\/szvk\/index.php\/wp-json\/wp\/v2\/users\/1"}],"replies":[{"embeddable":true,"href":"https:\/\/autoinfo.hu\/szvk\/index.php\/wp-json\/wp\/v2\/comments?post=15"}],"version-history":[{"count":14,"href":"https:\/\/autoinfo.hu\/szvk\/index.php\/wp-json\/wp\/v2\/pages\/15\/revisions"}],"predecessor-version":[{"id":855,"href":"https:\/\/autoinfo.hu\/szvk\/index.php\/wp-json\/wp\/v2\/pages\/15\/revisions\/855"}],"wp:attachment":[{"href":"https:\/\/autoinfo.hu\/szvk\/index.php\/wp-json\/wp\/v2\/media?parent=15"}],"curies":[{"name":"wp","href":"https:\/\/api.w.org\/{rel}","templated":true}]}}