{"id":1388,"date":"2024-10-04T11:33:32","date_gmt":"2024-10-04T10:33:32","guid":{"rendered":"https:\/\/autoinfo.hu\/szvk\/?page_id=1388"},"modified":"2026-04-16T12:46:32","modified_gmt":"2026-04-16T11:46:32","slug":"aktualis-tengeri-iv-osztalyu-kishajos-kepzes","status":"publish","type":"page","link":"https:\/\/autoinfo.hu\/szvk\/index.php\/aktualis-tengeri-iv-osztalyu-kishajos-kepzes\/","title":{"rendered":"Aktu\u00e1lis tengeri IV. oszt\u00e1ly\u00fa kishaj\u00f3s k\u00e9pz\u00e9s"},"content":{"rendered":"<p>A <strong>Tengeri IV. oszt\u00e1ly\u00fa kishaj\u00f3s bizony\u00edtv\u00e1ny megszerz\u00e9se<\/strong> \u00e9rdek\u00e9ben az AUTOINFO HUNGARY EC az \u00c9KM \u00e1ltal <strong>K\u00d6F\u00c1T\/61765-1\/2024\/HHF<\/strong><strong>.<\/strong> sz\u00e1mon enged\u00e9lyezett k\u00e9pz\u00e9s keret\u00e9ben elm\u00e9leti oktat\u00e1st \u00e9s vizsg\u00e1t szervez.<br \/>\nA k\u00e9pz\u00e9s tervezett id\u0151beoszt\u00e1sa:<\/p>\n<p>2026.05.01-t\u00f3l Elm\u00e9leti k\u00e9pz\u00e9s t\u00e1voktat\u00e1ssal<br \/>\n2026.05.05. vagy<br \/>\n2026.05.19. Elm\u00e9leti vizsga (sz\u00e1m\u00edt\u00f3g\u00e9pes teszt vizsga) a KAV szegedi\u00a0 vizsgaterm\u00e9ben,<br \/>\nvagy a vizsg\u00e1z\u00f3 \u00e1ltal kiv\u00e1lasztott, m\u00e1s v\u00e1rosban tal\u00e1lhat\u00f3\u00a0 KAV vizsgateremben.<br \/>\n( Budapest, Gy\u0151r, Si\u00f3fok, Moh\u00e1cs, Miskolc )<\/p>\n<div>Azok akik m\u00e1r regisztr\u00e1ltak az oldalra, (sportc\u00e9l\u00fa, vagy kompetencia vizsga, vagy szolg\u00e1lati, kereseti c\u00e9l\u00fa vizsga kapcs\u00e1n), nekik <b>nem kell m\u00e9gegyszer regisztr\u00e1lni<\/b>, csup\u00e1n jelezni, hogy szeretn\u00e9nek foglalkozni a tengeri IV. oszt\u00e1ly\u00fa kishaj\u00f3s vizsg\u00e1ra felk\u00e9sz\u00fcl\u00e9ssel.<\/div>\n<div><\/div>\n<div>A sz\u00e1m\u00edt\u00f3g\u00e9pes tesztvizsg\u00e1k id\u0151pontjai a havonta meghirdetett KAV kishaj\u00f3s vizsgaid\u0151pontjai szerinti \u00fctemez\u00e9sben v\u00e1laszthat\u00f3k.<br \/>\n( Budapesten, Gy\u0151r\u00f6tt, Si\u00f3fokon, Moh\u00e1cson, Szegeden, Miskolcon )<\/div>\n<div><\/div>\n<div>A vizsg\u00e1ra jelentkez\u00e9s minimum\u00a0 5 munkanappal a vizsga el\u0151tt esed\u00e9kes.<\/div>\n<div><\/div>\n<p>R\u00e9szletes t\u00e1j\u00e9koztat\u00f3 megtal\u00e1lhat\u00f3 a t\u00e1j\u00e9koztat\u00f3 men\u00fcpontban.<br \/>\n\u00c9rdekl\u0151d\u00e9s eset\u00e9n let\u00f6lthet\u0151 a tervezett meg\u00e1llapod\u00e1s, melynek E-mailben t\u00f6rt\u00e9n\u0151 megk\u00fcld\u00e9se ut\u00e1n az oktat\u00f3 vide\u00f3t el\u00e9rhet\u0151v\u00e9 teszem sz\u00e1modra, \u00edgy az elm\u00e9leti felk\u00e9sz\u00fcl\u00e9s m\u00e1r azonnal elkezdhet\u0151.<\/p>\n<div>\n<p>Egyben k\u00e9rem, hogy m\u00e1s, a k\u00e9pz\u00e9s ir\u00e1nt \u00e9rdekl\u0151d\u0151 ismer\u0151seidet t\u00e1j\u00e9koztasd a lehet\u0151s\u00e9gr\u0151l.<\/p>\n<\/div>\n<div>V\u00e1rom a visszajelz\u00e9seket.<\/div>\n<div><\/div>\n<p>K\u00f6sz\u00f6nettel:<br \/>\nKipper Gy\u00f6rgy<br \/>\n+36 30 978 6313<\/p>\n","protected":false},"excerpt":{"rendered":"<p>A Tengeri IV. oszt\u00e1ly\u00fa kishaj\u00f3s bizony\u00edtv\u00e1ny megszerz\u00e9se \u00e9rdek\u00e9ben az AUTOINFO HUNGARY EC az \u00c9KM \u00e1ltal K\u00d6F\u00c1T\/61765-1\/2024\/HHF. sz\u00e1mon enged\u00e9lyezett k\u00e9pz\u00e9s keret\u00e9ben elm\u00e9leti oktat\u00e1st \u00e9s vizsg\u00e1t szervez. A k\u00e9pz\u00e9s tervezett id\u0151beoszt\u00e1sa: 2026.05.01-t\u00f3l Elm\u00e9leti k\u00e9pz\u00e9s t\u00e1voktat\u00e1ssal 2026.05.05. vagy 2026.05.19. Elm\u00e9leti vizsga (sz\u00e1m\u00edt\u00f3g\u00e9pes teszt vizsga) a KAV szegedi\u00a0 vizsgaterm\u00e9ben, vagy a vizsg\u00e1z\u00f3 \u00e1ltal kiv\u00e1lasztott, m\u00e1s v\u00e1rosban tal\u00e1lhat\u00f3\u00a0 KAV vizsgateremben. [&hellip;]<\/p>\n","protected":false},"author":1,"featured_media":0,"parent":0,"menu_order":0,"comment_status":"closed","ping_status":"closed","template":"","meta":{"_exactmetrics_skip_tracking":false,"_exactmetrics_sitenote_active":false,"_exactmetrics_sitenote_note":"","_exactmetrics_sitenote_category":0,"footnotes":""},"class_list":["post-1388","page","type-page","status-publish","hentry"],"_links":{"self":[{"href":"https:\/\/autoinfo.hu\/szvk\/index.php\/wp-json\/wp\/v2\/pages\/1388","targetHints":{"allow":["GET"]}}],"collection":[{"href":"https:\/\/autoinfo.hu\/szvk\/index.php\/wp-json\/wp\/v2\/pages"}],"about":[{"href":"https:\/\/autoinfo.hu\/szvk\/index.php\/wp-json\/wp\/v2\/types\/page"}],"author":[{"embeddable":true,"href":"https:\/\/autoinfo.hu\/szvk\/index.php\/wp-json\/wp\/v2\/users\/1"}],"replies":[{"embeddable":true,"href":"https:\/\/autoinfo.hu\/szvk\/index.php\/wp-json\/wp\/v2\/comments?post=1388"}],"version-history":[{"count":24,"href":"https:\/\/autoinfo.hu\/szvk\/index.php\/wp-json\/wp\/v2\/pages\/1388\/revisions"}],"predecessor-version":[{"id":1714,"href":"https:\/\/autoinfo.hu\/szvk\/index.php\/wp-json\/wp\/v2\/pages\/1388\/revisions\/1714"}],"wp:attachment":[{"href":"https:\/\/autoinfo.hu\/szvk\/index.php\/wp-json\/wp\/v2\/media?parent=1388"}],"curies":[{"name":"wp","href":"https:\/\/api.w.org\/{rel}","templated":true}]}}

Aktuális tengeri IV. osztályú kishajós képzés

<p>A <strong>Tengeri IV. osztályú kishajós bizonyítvány megszerzése</strong> érdekében az AUTOINFO HUNGARY EC az ÉKM által <strong>KÖFÁT/61765-1/2024/HHF</strong><strong>.</strong> számon engedélyezett képzés keretében elméleti oktatást és vizsgát szervez.<br />
A képzés tervezett időbeosztása:</p>
<p>2026.05.01-tól Elméleti képzés távoktatással<br />
2026.05.05. vagy<br />
2026.05.19. Elméleti vizsga (számítógépes teszt vizsga) a KAV szegedi  vizsgatermében,<br />
vagy a vizsgázó által kiválasztott, más városban található  KAV vizsgateremben.<br />
( Budapest, Győr, Siófok, Mohács, Miskolc )</p>
<div>Azok akik már regisztráltak az oldalra, (sportcélú, vagy kompetencia vizsga, vagy szolgálati, kereseti célú vizsga kapcsán), nekik <b>nem kell mégegyszer regisztrálni</b>, csupán jelezni, hogy szeretnének foglalkozni a tengeri IV. osztályú kishajós vizsgára felkészüléssel.</div>
<div></div>
<div>A számítógépes tesztvizsgák időpontjai a havonta meghirdetett KAV kishajós vizsgaidőpontjai szerinti ütemezésben választhatók.<br />
( Budapesten, Győrött, Siófokon, Mohácson, Szegeden, Miskolcon )</div>
<div></div>
<div>A vizsgára jelentkezés minimum  5 munkanappal a vizsga előtt esedékes.</div>
<div></div>
<p>Részletes tájékoztató megtalálható a tájékoztató menüpontban.<br />
Érdeklődés esetén letölthető a tervezett megállapodás, melynek E-mailben történő megküldése után az oktató videót elérhetővé teszem számodra, így az elméleti felkészülés már azonnal elkezdhető.</p>
<div>
<p>Egyben kérem, hogy más, a képzés iránt érdeklődő ismerőseidet tájékoztasd a lehetőségről.</p>
</div>
<div>Várom a visszajelzéseket.</div>
<div></div>
<p>Köszönettel:<br />
Kipper György<br />
+36 30 978 6313</p>

<p>A Tengeri IV. osztályú kishajós bizonyítvány megszerzése érdekében az AUTOINFO HUNGARY EC az ÉKM által KÖFÁT/61765-1/2024/HHF. számon engedélyezett képzés keretében elméleti oktatást és vizsgát szervez. A képzés tervezett időbeosztása: 2026.05.01-tól Elméleti képzés távoktatással 2026.05.05. vagy 2026.05.19. Elméleti vizsga (számítógépes teszt vizsga) a KAV szegedi  vizsgatermében, vagy a vizsgázó által kiválasztott, más városban található  KAV vizsgateremben. [&hellip;]</p>
