{"id":138,"date":"2019-01-15T09:39:49","date_gmt":"2019-01-15T09:39:49","guid":{"rendered":"http:\/\/autoinfo.hu\/szvk\/?page_id=138"},"modified":"2019-01-15T09:53:31","modified_gmt":"2019-01-15T09:53:31","slug":"tesztkerdesek","status":"publish","type":"page","link":"https:\/\/autoinfo.hu\/szvk\/index.php\/tesztkerdesek\/","title":{"rendered":"Tesztk\u00e9rd\u00e9sek"},"content":{"rendered":"\n<p><a href=\"https:\/\/autoinfo.hu\/\">https:\/\/autoinfo.hu\/<\/a><\/p>\n\n\n\n<p>Els\u0151 men\u00fcpont, NKH tesztk\u00e9rd\u00e9sek.<\/p>\n\n\n\n<p>Let\u00f6lthet\u0151 gyakorl\u00f3 program:<\/p>\n\n\n\n<p><a href=\"http:\/\/213.181.208.116\/hajozas\/letoltes.php\">http:\/\/213.181.208.116\/hajozas\/letoltes.php<\/a><br>Magyar nyelv\u0171 telep\u00edt\u0151 a programhoz. Gyakorl\u00e1s \u00e9s vizsgaszimul\u00e1ci\u00f3 funkci\u00f3.<br>K\u00f6sz\u00f6net \u00e9s copyright: Sz\u00fck Zsuzsanna.<\/p>\n\n\n\n<p><\/p>\n","protected":false},"excerpt":{"rendered":"<p>https:\/\/autoinfo.hu\/ Els\u0151 men\u00fcpont, NKH tesztk\u00e9rd\u00e9sek. Let\u00f6lthet\u0151 gyakorl\u00f3 program: http:\/\/213.181.208.116\/hajozas\/letoltes.phpMagyar nyelv\u0171 telep\u00edt\u0151 a programhoz. Gyakorl\u00e1s \u00e9s vizsgaszimul\u00e1ci\u00f3 funkci\u00f3.K\u00f6sz\u00f6net \u00e9s copyright: Sz\u00fck Zsuzsanna.<\/p>\n","protected":false},"author":1,"featured_media":0,"parent":0,"menu_order":0,"comment_status":"closed","ping_status":"closed","template":"","meta":{"_exactmetrics_skip_tracking":false,"_exactmetrics_sitenote_active":false,"_exactmetrics_sitenote_note":"","_exactmetrics_sitenote_category":0,"footnotes":""},"class_list":["post-138","page","type-page","status-publish","hentry"],"_links":{"self":[{"href":"https:\/\/autoinfo.hu\/szvk\/index.php\/wp-json\/wp\/v2\/pages\/138","targetHints":{"allow":["GET"]}}],"collection":[{"href":"https:\/\/autoinfo.hu\/szvk\/index.php\/wp-json\/wp\/v2\/pages"}],"about":[{"href":"https:\/\/autoinfo.hu\/szvk\/index.php\/wp-json\/wp\/v2\/types\/page"}],"author":[{"embeddable":true,"href":"https:\/\/autoinfo.hu\/szvk\/index.php\/wp-json\/wp\/v2\/users\/1"}],"replies":[{"embeddable":true,"href":"https:\/\/autoinfo.hu\/szvk\/index.php\/wp-json\/wp\/v2\/comments?post=138"}],"version-history":[{"count":2,"href":"https:\/\/autoinfo.hu\/szvk\/index.php\/wp-json\/wp\/v2\/pages\/138\/revisions"}],"predecessor-version":[{"id":145,"href":"https:\/\/autoinfo.hu\/szvk\/index.php\/wp-json\/wp\/v2\/pages\/138\/revisions\/145"}],"wp:attachment":[{"href":"https:\/\/autoinfo.hu\/szvk\/index.php\/wp-json\/wp\/v2\/media?parent=138"}],"curies":[{"name":"wp","href":"https:\/\/api.w.org\/{rel}","templated":true}]}}